{"id":111,"date":"2019-06-11T21:47:09","date_gmt":"2019-06-11T19:47:09","guid":{"rendered":"https:\/\/www.pelletsheep.de\/?page_id=111"},"modified":"2021-05-22T16:50:59","modified_gmt":"2021-05-22T14:50:59","slug":"ankauf-rohwolle","status":"publish","type":"page","link":"https:\/\/www.pelletsheep.de\/?page_id=111","title":{"rendered":"Ankauf Rohwolle"},"content":{"rendered":"\n<p><strong>Annahmestelle f\u00fcr Schafwolle\/Rohwolle<\/strong><\/p>\n\n\n\n<p><br><br>Ab 1.4.2019  nehmen wir Rohwolle von allen Schafrassen an. <br>Annahme nach telefonischer Absprache  bei Frau Sabine Laubengeiger Telefon: 0163\/2513253 oder direkt per E-Mail an info@pelletsheep.de. <br>Die maximale Ankaufmenge der Rohwolle kann sich unserem Absatz\/Lagerkapazit\u00e4t anpassen. <br>Erlaubt ist jegliche Annahme von:<\/p>\n\n\n\n<p>\u2022    Kleinmengen an Rohwolle<br>\u2022    Wolle schwarzer Schafe (bitte diese trotzdem getrennt packen)<br>\u2022    Nur trockene Wolle (Restfeuchte unter 27%) mit leichtem Verschmutzungsgrad. Wolle mit schweren Kot- und Dreckr\u00fcckst\u00e4nden k\u00f6nnen wir nur nach Nachreinigung annehmen. <br>\u2022    Annahme nur in offenen Papiers\u00e4cken oder BigPacks. Wolle in M\u00fclls\u00e4cken m\u00fcssen wir bez\u00fcglich der Schimmelgefahr abweisen.<\/p>\n\n\n\n<p><strong>SEHR WICHTIG: Keine Metallklammern, Schn\u00fcre, B\u00e4nder, Kabelbinder, Klebeb\u00e4nder oder \u00e4hnliche Verschlussmaterialien verwenden. <br> Diese k\u00f6nnen durch versehentliche Nichtentfernung in die Maschine gelangen und diese sofort zerst\u00f6ren!<\/strong><\/p>\n","protected":false},"excerpt":{"rendered":"<p>Annahmestelle f\u00fcr Schafwolle\/Rohwolle Ab 1.4.2019 nehmen wir Rohwolle von allen Schafrassen an. Annahme nach telefonischer Absprache bei Frau Sabine Laubengeiger Telefon: 0163\/2513253 oder direkt per E-Mail an info@pelletsheep.de. Die maximale Ankaufmenge der Rohwolle kann sich unserem Absatz\/Lagerkapazit\u00e4t anpassen. Erlaubt ist jegliche Annahme von: \u2022 Kleinmengen an Rohwolle\u2022 Wolle schwarzer Schafe (bitte diese trotzdem getrennt packen)\u2022 [&hellip;]<\/p>\n","protected":false},"author":1,"featured_media":0,"parent":0,"menu_order":0,"comment_status":"closed","ping_status":"closed","template":"","meta":[],"_links":{"self":[{"href":"https:\/\/www.pelletsheep.de\/index.php?rest_route=\/wp\/v2\/pages\/111"}],"collection":[{"href":"https:\/\/www.pelletsheep.de\/index.php?rest_route=\/wp\/v2\/pages"}],"about":[{"href":"https:\/\/www.pelletsheep.de\/index.php?rest_route=\/wp\/v2\/types\/page"}],"author":[{"embeddable":true,"href":"https:\/\/www.pelletsheep.de\/index.php?rest_route=\/wp\/v2\/users\/1"}],"replies":[{"embeddable":true,"href":"https:\/\/www.pelletsheep.de\/index.php?rest_route=%2Fwp%2Fv2%2Fcomments&post=111"}],"version-history":[{"count":3,"href":"https:\/\/www.pelletsheep.de\/index.php?rest_route=\/wp\/v2\/pages\/111\/revisions"}],"predecessor-version":[{"id":246,"href":"https:\/\/www.pelletsheep.de\/index.php?rest_route=\/wp\/v2\/pages\/111\/revisions\/246"}],"wp:attachment":[{"href":"https:\/\/www.pelletsheep.de\/index.php?rest_route=%2Fwp%2Fv2%2Fmedia&parent=111"}],"curies":[{"name":"wp","href":"https:\/\/api.w.org\/{rel}","templated":true}]}}