{"id":73,"date":"2019-06-11T21:15:00","date_gmt":"2019-06-11T19:15:00","guid":{"rendered":"https:\/\/www.pelletsheep.de\/?page_id=73"},"modified":"2021-05-22T17:38:04","modified_gmt":"2021-05-22T15:38:04","slug":"oekologischer-langzeitduenger","status":"publish","type":"page","link":"https:\/\/www.pelletsheep.de\/?page_id=73","title":{"rendered":"\u00d6kologischer Langzeitd\u00fcnger"},"content":{"rendered":"\n<p><strong>Pelletsheep ist ein hochwertiges mit Liebe hergestelltes Produkt. Die Rohwolle stammt von lebenden Schafen <\/strong>aus den umliegenden Gemeinden des Biosph\u00e4rengebietes Schw\u00e4bische Alb und des Neuffener\/Kirchheimer Tales. Die Schafe leisten einen wesentlichen Beitrag zur Erhaltung der Streuobstwiesen und Heiden in diesem Gebiet.<\/p>\n\n\n\n<p>Die Pellets haben den typischen Eigengeruch von Schafswolle. Eine \u00dcberd\u00fcngung ist nicht m\u00f6glich. Da die Schafswolle langsam ihre N\u00e4hrstoffe an die Pflanze abgibt. Der D\u00fcnger ist vollkommen ungef\u00e4hrlich.<\/p>\n\n\n\n<p><strong>Viele unsere Kunden sch\u00e4tzen den D\u00fcnger bez\u00fcgliche der vielen ZUS\u00c4TZLICHEN Vorteilen, die der D\u00fcnger neben seiner D\u00fcngeeigenschaft mitsich bringt:<\/strong><\/p>\n\n\n\n<ul><li>Grabpflege (optimaler Wasserspeicher)<\/li><li> Gartenbau (Wasserspeicher und Bl\u00fcherfolge)<\/li><li>Obstbau (W\u00fchlm\u00e4use m\u00f6gen den Geruch der Schafwolle nicht &#8211; die jungen Wurzeln werden gesch\u00fctzt<\/li><li>Maisanbau (Wildschweine meiden den Geruch der Schafwolle &#8211; Aufbringung der Pellets vor dem Setzen der Maissaat)<\/li><li>D\u00fcngepellets k\u00f6nnen mit den meisten D\u00fcngestreuer ausgebracht werden. <\/li><li>Weinbau (optimaler Wasserspeicher, Rehfra\u00df an den Triebspitzen wird vermieden, da die Rehe den Geruch meiden)<\/li><li>Spargel und Erdbeeranbau (optimaler Wasserspeicher)<\/li><li>Spitzkohlanbau (Ertrag wird erh\u00f6ht)<\/li><\/ul>\n\n\n\n<p><\/p>\n\n\n\n<figure class=\"wp-block-image size-large\"><img loading=\"lazy\" width=\"960\" height=\"720\" src=\"https:\/\/www.pelletsheep.de\/wp-content\/uploads\/2021\/05\/Etikett-Rueckseite-Pelletsheep.jpg\" alt=\"\" class=\"wp-image-264\" srcset=\"https:\/\/www.pelletsheep.de\/wp-content\/uploads\/2021\/05\/Etikett-Rueckseite-Pelletsheep.jpg 960w, https:\/\/www.pelletsheep.de\/wp-content\/uploads\/2021\/05\/Etikett-Rueckseite-Pelletsheep-300x225.jpg 300w, https:\/\/www.pelletsheep.de\/wp-content\/uploads\/2021\/05\/Etikett-Rueckseite-Pelletsheep-768x576.jpg 768w\" sizes=\"(max-width: 960px) 100vw, 960px\" \/><\/figure>\n\n\n\n<figure class=\"wp-block-image size-large\"><img loading=\"lazy\" width=\"960\" height=\"720\" src=\"https:\/\/www.pelletsheep.de\/wp-content\/uploads\/2021\/05\/Etikett-Rueckseite-Pelletsheep-1.jpg\" alt=\"\" class=\"wp-image-266\" srcset=\"https:\/\/www.pelletsheep.de\/wp-content\/uploads\/2021\/05\/Etikett-Rueckseite-Pelletsheep-1.jpg 960w, https:\/\/www.pelletsheep.de\/wp-content\/uploads\/2021\/05\/Etikett-Rueckseite-Pelletsheep-1-300x225.jpg 300w, https:\/\/www.pelletsheep.de\/wp-content\/uploads\/2021\/05\/Etikett-Rueckseite-Pelletsheep-1-768x576.jpg 768w\" sizes=\"(max-width: 960px) 100vw, 960px\" \/><\/figure>\n","protected":false},"excerpt":{"rendered":"<p>Pelletsheep ist ein hochwertiges mit Liebe hergestelltes Produkt. Die Rohwolle stammt von lebenden Schafen aus den umliegenden Gemeinden des Biosph\u00e4rengebietes Schw\u00e4bische Alb und des Neuffener\/Kirchheimer Tales. Die Schafe leisten einen wesentlichen Beitrag zur Erhaltung der Streuobstwiesen und Heiden in diesem Gebiet. Die Pellets haben den typischen Eigengeruch von Schafswolle. Eine \u00dcberd\u00fcngung ist nicht m\u00f6glich. Da [&hellip;]<\/p>\n","protected":false},"author":1,"featured_media":0,"parent":0,"menu_order":0,"comment_status":"closed","ping_status":"closed","template":"","meta":[],"_links":{"self":[{"href":"https:\/\/www.pelletsheep.de\/index.php?rest_route=\/wp\/v2\/pages\/73"}],"collection":[{"href":"https:\/\/www.pelletsheep.de\/index.php?rest_route=\/wp\/v2\/pages"}],"about":[{"href":"https:\/\/www.pelletsheep.de\/index.php?rest_route=\/wp\/v2\/types\/page"}],"author":[{"embeddable":true,"href":"https:\/\/www.pelletsheep.de\/index.php?rest_route=\/wp\/v2\/users\/1"}],"replies":[{"embeddable":true,"href":"https:\/\/www.pelletsheep.de\/index.php?rest_route=%2Fwp%2Fv2%2Fcomments&post=73"}],"version-history":[{"count":4,"href":"https:\/\/www.pelletsheep.de\/index.php?rest_route=\/wp\/v2\/pages\/73\/revisions"}],"predecessor-version":[{"id":277,"href":"https:\/\/www.pelletsheep.de\/index.php?rest_route=\/wp\/v2\/pages\/73\/revisions\/277"}],"wp:attachment":[{"href":"https:\/\/www.pelletsheep.de\/index.php?rest_route=%2Fwp%2Fv2%2Fmedia&parent=73"}],"curies":[{"name":"wp","href":"https:\/\/api.w.org\/{rel}","templated":true}]}}