{"id":79,"date":"2019-06-11T21:21:19","date_gmt":"2019-06-11T19:21:19","guid":{"rendered":"https:\/\/www.pelletsheep.de\/?page_id=79"},"modified":"2024-07-15T15:54:56","modified_gmt":"2024-07-15T13:54:56","slug":"wir-ueber-uns","status":"publish","type":"page","link":"https:\/\/www.pelletsheep.de\/","title":{"rendered":"Pelletsheep ist der Langzeitd\u00fcnger aus Schafswolle!"},"content":{"rendered":"\n<p><strong>Unser hochwertiges mit Liebe hergestelltes Produkt, direkt aus dem Biosph\u00e4rengebiet der schw\u00e4bischen Alb. <\/strong><\/p>\n\n\n\n<p>Als verantwortungsbewusster Familienbetrieb produzieren&nbsp;wir biologischen Pflanzend\u00fcnger aus Schafwolle. Die Unsere Erzeuger sind ausschlie\u00dflich Lieferanten aus dem Biosph\u00e4rengebiet der schw\u00e4bischen Alb. Die Albhochfl\u00e4che, der Albtrauf&nbsp;und sein Vorland zeichnen sich durch eine abwechslungsreiche Landschaft&nbsp;aus gepr\u00e4gt von Streuobstwiesen und Heidelandschaften.  <\/p>\n\n\n\n<p>Der ideale Lebensraum f\u00fcr nat\u00fcrlich aufwachsende Schafe.&nbsp; Sie sorgen durch ihr \u201espezielles Abgrasen\u201c f\u00fcr den Erhalt bestimmter Pflanzen und Tierarten in diesem Gebiet. <br>Leider wird der Beruf Sch\u00e4fer und die Schafhaltung vor immer schwierigen Herausforderungen gestellt. So konkurrieren die Sch\u00e4fer mit der minderwertigen und dadurch g\u00fcnstigeren Rohwolle aus Neuseeland und Australien.  Durch das massive \u00dcberangebot aus \u00dcbersee stehen die Kosten f\u00fcr eine Schafschur in keinem Verh\u00e4ltnis zum Preis der Wolle. <\/p>\n\n\n\n<p>Die Schafwolle aus dem schw\u00e4bischen Biosph\u00e4rengebiet ist ein sehr wertvoller, nat\u00fcrlicher Rohstoff \u2013 mit sehr vielen hochwertigen Eigenschaften. Mit unserem Familienbetrieb setzen wir uns f\u00fcr eine bessere Nutzung des traditionellen Rohstoffs ein. Dabei steht bei uns der nachhaltige und regionale Gedanke  im Vordergrund. Gemeinsam mit dem F\u00f6rderprogramm &#8222;Biosph\u00e4rengebiet Schw\u00e4bische Alb&#8220; haben wir ein nat\u00fcrliches und nachhaltiges Produkt entwickelt.<\/p>\n\n\n\n<p><strong>Unser Produkt steht f\u00fcr :<\/strong><\/p>\n\n\n\n<ul><li>Unterst\u00fctzung der Sch\u00e4ferei und der Schafhaltung<\/li><li>Die Gr\u00fcnlandbewirtschaftung<\/li><li>Regionalvermarktung<\/li><li>Nachhaltige Landwirtschaft<\/li><li>Erhalt der Streuobstwiesen<\/li><li>Nat\u00fcrliche Umweltvertr\u00e4glichkeit<\/li><\/ul>\n\n\n\n<p>Die Verpackung ist ebenfalls nachhaltig und besteht aus rein nat\u00fcrlichen Rohstoffen. Auf Kunststoff wurde aus den beschriebenen Gr\u00fcnden verzichtet. <\/p>\n\n\n\n<p><strong>Vorteile gegen\u00fcber anderen D\u00fcngemitteln:<\/strong><br>Mineralische D\u00fcnger in der Bio und Demeterlandwirtschaft nicht erlaubt. D\u00fcnger wie G\u00fclle, Mist werden die Abbauprodukte aus Antibiotika\/Arzneimittel komuliert.<\/p>\n\n\n\n<ul class=\"wp-block-social-links alignright is-style-logos-only\"><li class=\"wp-social-link wp-social-link-facebook wp-block-social-link\"><a href=\"https:\/\/m.facebook.com\/Pelletsheep-%C3%B6kologischer-Langzeitd%C3%BCnger-aus-Schafwolle-173976614304993\/\" aria-label=\"Facebook\"  class=\"wp-block-social-link-anchor\"> <svg width=\"24\" height=\"24\" viewBox=\"0 0 24 24\" version=\"1.1\" xmlns=\"http:\/\/www.w3.org\/2000\/svg\" role=\"img\" aria-hidden=\"true\" focusable=\"false\"><path d=\"M12 2C6.5 2 2 6.5 2 12c0 5 3.7 9.1 8.4 9.9v-7H7.9V12h2.5V9.8c0-2.5 1.5-3.9 3.8-3.9 1.1 0 2.2.2 2.2.2v2.5h-1.3c-1.2 0-1.6.8-1.6 1.6V12h2.8l-.4 2.9h-2.3v7C18.3 21.1 22 17 22 12c0-5.5-4.5-10-10-10z\"><\/path><\/svg><\/a><\/li><\/ul>\n\n\n\n<p>Besuchen und abonnieren Sie uns auch auf Facebook. Dort zeigen wir M\u00f6glichkeiten auf &#8211; wie wir arbeiten, welche Nutzungsm\u00f6glichkeiten der D\u00fcnger hat und wie wir durch andere Projekte versuchen die Schafwolle in Deutschland wieder wertig zu machen. <\/p>\n\n\n\n<p>Vielen Dank f\u00fcr Ihr Interesse an der Lohnpelletierung. Gerne k\u00f6nnen wir auch eine kleine Menge pelletieren. Gar kein Problem \u2013 bitte beachten Sie, dass von 100% Wolle \u2013 85% Pellets verbleiben. <strong><em><\/em><\/strong><\/p>\n\n\n\n<p>Sie haben mehrere M\u00f6glichkeiten: LOHN, TAUSCH oder VERSAND (siehe Erkl\u00e4rungen unten). Die Kosten f\u00fcr die Pelletierung bleiben dieselben. Sie bezahlen den Preis f\u00fcr das Endprodukt Pellets.<\/p>\n\n\n\n<p>Im Anhang finden Sie auch alles Wesentliche. F\u00fcr eine weitere Planung rufen Sie mich bitte an. Ich kann ihnen auch behilflich sein bez\u00fcglich Ferienwohnungen und Tipps f\u00fcr Unternehmungen hier in unserer Region.<\/p>\n\n\n\n<p>Ein gro\u00dfer Vorteil dieses D\u00fcngers ist gegen\u00fcber herk\u00f6mmlichen D\u00fcnger ist, nach seinen hervorragenden D\u00fcngeeigenschaften, die hohe Speicherkapazit\u00e4t von Wasser. Folgende Bereiche k\u00f6nnen ged\u00fcngt werden:<\/p>\n\n\n\n<ul><li>Balkon- und Bl\u00fchpflanzen aller Art,<\/li><li>Gem\u00fcseanbau wie Gurke, Tomaten, Zucchini, K\u00fcrbis, Kohlsorten, Kr\u00e4uter und Sonstiges was der Kleingarten so her gibt. (Starkzehrer profitieren von dem hohen Stickstoffanteil \u2013ebenso, dass der Boden mit zus\u00e4tzlichem Wasser versorgt wird)<\/li><li>Fast alle Obstsorten: Erdbeere, Himbeeren, Josta, Stachelbeere, Johannisbeere, Brombeere- ausgenommen Heidelbeeren, diese ben\u00f6tigen einen sauren Boden.<\/li><li>Ziergeh\u00f6lze,<\/li><li>Streuobst- Bei der Erstpflanzung vertreibt der intensive Schafgeruch die W\u00fchlm\u00e4use<\/li><li>Aufforstung vom Wald. (W\u00fchlm\u00e4use\/Fra\u00df durch Rehe wird vermieden\/Wasserspeicher)<\/li><li>Feldfr\u00fcchte wie Kartoffeln, Mais (Wildschweine und Engerlinge meiden den Geruch der Schafwolle \u2013 vor der Pflanzzeit D\u00fcngepellets mittels D\u00fcngestreuer in die Erde setzen)<\/li><li>Erdbeer- und Spargelanbau<\/li><li>Weinbau<\/li><li>Grabpflege<\/li><li>Vorgarten\/Kommunalwesen\/Verkehrsinseln<\/li><li>Neuaussaat von Rasensamen (Wasserspeicher\/Samenfra\u00df durch V\u00f6gel kann vermieden werden)<\/li><li>Saurer Boden kann durch unterharken von Schafwolle ausgeglichen werden.<\/li><\/ul>\n\n\n\n<p><\/p>\n\n\n\n<p><\/p>\n","protected":false},"excerpt":{"rendered":"<p>Unser hochwertiges mit Liebe hergestelltes Produkt, direkt aus dem Biosph\u00e4rengebiet der schw\u00e4bischen Alb. Als verantwortungsbewusster Familienbetrieb produzieren&nbsp;wir biologischen Pflanzend\u00fcnger aus Schafwolle. Die Unsere Erzeuger sind ausschlie\u00dflich Lieferanten aus dem Biosph\u00e4rengebiet der schw\u00e4bischen Alb. Die Albhochfl\u00e4che, der Albtrauf&nbsp;und sein Vorland zeichnen sich durch eine abwechslungsreiche Landschaft&nbsp;aus gepr\u00e4gt von Streuobstwiesen und Heidelandschaften. Der ideale Lebensraum f\u00fcr nat\u00fcrlich [&hellip;]<\/p>\n","protected":false},"author":1,"featured_media":0,"parent":0,"menu_order":0,"comment_status":"closed","ping_status":"closed","template":"","meta":[],"_links":{"self":[{"href":"https:\/\/www.pelletsheep.de\/index.php?rest_route=\/wp\/v2\/pages\/79"}],"collection":[{"href":"https:\/\/www.pelletsheep.de\/index.php?rest_route=\/wp\/v2\/pages"}],"about":[{"href":"https:\/\/www.pelletsheep.de\/index.php?rest_route=\/wp\/v2\/types\/page"}],"author":[{"embeddable":true,"href":"https:\/\/www.pelletsheep.de\/index.php?rest_route=\/wp\/v2\/users\/1"}],"replies":[{"embeddable":true,"href":"https:\/\/www.pelletsheep.de\/index.php?rest_route=%2Fwp%2Fv2%2Fcomments&post=79"}],"version-history":[{"count":7,"href":"https:\/\/www.pelletsheep.de\/index.php?rest_route=\/wp\/v2\/pages\/79\/revisions"}],"predecessor-version":[{"id":407,"href":"https:\/\/www.pelletsheep.de\/index.php?rest_route=\/wp\/v2\/pages\/79\/revisions\/407"}],"wp:attachment":[{"href":"https:\/\/www.pelletsheep.de\/index.php?rest_route=%2Fwp%2Fv2%2Fmedia&parent=79"}],"curies":[{"name":"wp","href":"https:\/\/api.w.org\/{rel}","templated":true}]}}